{"id":143,"date":"2025-06-11T00:49:11","date_gmt":"2025-06-11T00:49:11","guid":{"rendered":"http:\/\/campbeerfest.com\/?page_id=143"},"modified":"2025-06-11T00:55:43","modified_gmt":"2025-06-11T00:55:43","slug":"politica-de-cookies","status":"publish","type":"page","link":"https:\/\/campbeerfest.com\/index.php\/politica-de-cookies\/","title":{"rendered":"Pol\u00edtica de Cookies"},"content":{"rendered":"\t\t<div data-elementor-type=\"wp-page\" data-elementor-id=\"143\" class=\"elementor elementor-143\" data-elementor-post-type=\"page\">\n\t\t\t\t<div class=\"elementor-element elementor-element-c1b3992 e-flex e-con-boxed e-con e-parent\" data-id=\"c1b3992\" data-element_type=\"container\">\n\t\t\t\t\t<div class=\"e-con-inner\">\n\t\t\t\t<div class=\"elementor-element elementor-element-23a89e7 elementor-widget elementor-widget-text-editor\" data-id=\"23a89e7\" data-element_type=\"widget\" data-widget_type=\"text-editor.default\">\n\t\t\t\t<div class=\"elementor-widget-container\">\n\t\t\t\t\t\t\t\t\t<p>Recuerde leer adicionalmente el\u00a0<a href=\"https:\/\/campbeerfest.com\/aviso-legal\/\">Aviso Legal<\/a>\u00a0y la\u00a0<a href=\"https:\/\/campbeerfest.com\/politica-de-privacidad\/\">Pol\u00edtica de Privacidad<\/a><\/p><p><strong>Uso de cookies<\/strong><\/p><p>El sitio web CAMPBEERFEST.COM (en adelante, el \u201cSitio Web\u201d) utiliza una tecnolog\u00eda denominada \u201ccookies\u201d que permite recabar informaci\u00f3n acerca del uso que usted hace del mismo. Esta Pol\u00edtica de Cookies tiene por objeto informarle de manera clara y precisa sobre las cookies que se utilizan en nuestro Sitio Web.<\/p><p><strong>\u00bfQu\u00e9 son las cookies?<\/strong><\/p><p>Las cookies constituyen una herramienta empleada por los servidores Web para almacenar y recuperar informaci\u00f3n acerca de sus visitantes. No es m\u00e1s que un identificador \u00fanico en forma de fichero de texto que algunos servidores remiten al dispositivo del usuario, para registrar informaci\u00f3n acerca de lo que hemos estado haciendo por sus p\u00e1ginas, permitiendo as\u00ed mejorar la calidad y seguridad de la p\u00e1gina web. Poseen una fecha de caducidad, que puede oscilar desde el tiempo que dure la sesi\u00f3n, hasta una fecha futura especificada a partir de la cual dejan de ser operativas.<\/p><p>En general, las cookies pueden servir para finalidades muy diversas, como, por ejemplo, reconocerle como usuario, obtener informaci\u00f3n sobre sus h\u00e1bitos de navegaci\u00f3n, o personalizar la forma en que se muestra el contenido del sitio web. La instalaci\u00f3n de cookies en su equipo requiere de su previo consentimiento, a excepci\u00f3n de las cookies t\u00e9cnicas, que est\u00e1n exceptuadas de dicha obligaci\u00f3n puesto que son necesarias para el correcto funcionamiento y navegaci\u00f3n en nuestro Sitio Web.<\/p><p>El acceso a este sitio puede implicar la utilizaci\u00f3n de cookies. Aquellos usuarios que no deseen recibir cookies o quieran ser informados antes de que se almacenen en su ordenador, pueden configurar su navegador a tal efecto. La mayor parte de los navegadores de hoy en d\u00eda permiten la gesti\u00f3n de las cookies de 3 formas diferentes: las cookies no se aceptan nunca, el navegador pregunta al usuario si se debe aceptar cada cookie o bien, las cookies se aceptan siempre. El navegador tambi\u00e9n puede incluir la posibilidad de especificar mejor qu\u00e9 cookies tienen que ser aceptadas y cu\u00e1les no. Adem\u00e1s, los navegadores pueden tambi\u00e9n permitir a los usuarios ver y borrar cookies individualmente.<\/p><p><strong>Utilidad de las cookies en este sitio web<\/strong><\/p><p>En este Sitio Web se utilizan cookies para facilitar la navegaci\u00f3n por su Portal, por motivos de seguridad y para obtener una mayor eficacia y personalizaci\u00f3n de los servicios ofrecidos a los Usuarios. Nuestro Sitio Web utiliza cookies t\u00e9cnicas para cuya instalaci\u00f3n no es necesaria la obtenci\u00f3n de su consentimiento. Asimismo, nuestro Sitio Web utiliza otras cookies que requieren de su previo consentimiento para poder ser instaladas. La informaci\u00f3n que se obtiene a trav\u00e9s de estas cookies puede ser utilizada tanto por SIENTEOCCIDENTE.COM, como por el titular de las mismas.<\/p><p>Utilizamos datos demogr\u00e1ficos y de intereses proporcionados por herramientas como Google Signals para comprender mejor a nuestros usuarios y mejorar la experiencia de navegaci\u00f3n, la informaci\u00f3n recopilada puede ser utilizada para la personalizaci\u00f3n de anuncios y mejorar la experiencia general del usuario.<\/p><p><strong>Tipos de cookies empleadas en este sitio web<\/strong><\/p><p>Las cookies empleadas se dividen en:<\/p><p><strong>Cookies de sesi\u00f3n:<\/strong>\u00a0son cookies temporales que desaparecen cuando finaliza la sesi\u00f3n. La informaci\u00f3n obtenida por medio de estas cookies, sirven para analizar pautas de tr\u00e1fico en la web y proporcionarle los servicios de compra de entradas.<\/p><p><strong>Cookies permanentes:<\/strong>\u00a0son cookies que se almacenan en el dispositivo del usuario y que permiten recuperar la informaci\u00f3n de la navegaci\u00f3n en la siguiente visita. Tienen fecha de caducidad, pero esta se dilata m\u00e1s all\u00e1 de la finalizaci\u00f3n de la sesi\u00f3n. Estas cookies nos permiten personalizar sus visitas, a trav\u00e9s de sus preferencias (p.e. pa\u00eds e idioma).<\/p><p>En concreto se utilizan las siguientes cookies de sesi\u00f3n y cookies permanentes con las finalidades que a continuaci\u00f3n se indican:<\/p><p><strong>Cookies propias<\/strong> Las hay estrictamente necesarias como, por ejemplo, aquellas que sirvan para una correcta navegaci\u00f3n o para reconocer las preferencias del usuario en su visita a la web y cookies anal\u00edticas de primera parte para recopilar datos estad\u00edsticos de la actividad. As\u00ed estas cookies, permiten guardar el proceso de compra en https:\/\/campbeerfest.com\u00a0 y que recibas tu producto.<\/p><p><strong>Cookies de terceros:<\/strong>\u00a0Las cookies de terceros como por ejemplo, las usadas para identificaci\u00f3n, o por complementos externos de contenido como el buscador de Google:<\/p><p><strong>__utma, __utmb<\/strong><strong>__utmc, __utm, _ga<\/strong><strong>:<\/strong>\u00a0Son cookies utilizadas por Google Analytics para permitir analizar las estad\u00edsticas de uso del sitio<\/p><p><strong>fbm_*<\/strong><strong>:\u00a0<\/strong>son cookies gestionadas por Facebook para la compra activa\u00a0 por red social<\/p><p>La Entidad utiliza los servicios de terceros, incluyendo la tecnolog\u00eda cookie, para la realizaci\u00f3n de anal\u00edticas de audiencia.<\/p><p><strong>Cookies de socios tecnol\u00f3gicos<\/strong><\/p><p><strong>Google:\u00a0<\/strong>Google colabora con la Entidad para la anal\u00edtica web. Los datos de la cookie le dice a Google qu\u00e9 p\u00e1ginas, productos y servicios han sido visitados, y les permite encontrar anuncios correspondientes. Google escribe tanto cookies de sesi\u00f3n como las persistentes. Las cookies no almacenan datos de car\u00e1cter personal.<\/p><p><strong>Microsoft:\u00a0<\/strong>Nos asociamos con herramientas como Microsoft Clarity y Microsoft Advertising para recopilar datos acerca de c\u00f3mo utiliza e interact\u00faa con nuestro sitio web, a trav\u00e9s de m\u00e9tricas de comportamiento, mapas de calor y reproducci\u00f3n de sesiones para mejorar y comercializar nuestros servicios. Los datos de uso del sitio web se capturan mediante cookies propias y de terceros y otras tecnolog\u00edas de seguimiento para determinar la popularidad de nuestros servicios y la actividad en l\u00ednea. Adem\u00e1s, utilizamos esta informaci\u00f3n para la optimizaci\u00f3n del sitio, con fines de seguridad y prevenci\u00f3n de fraudes y publicidad. Para obtener m\u00e1s informaci\u00f3n sobre c\u00f3mo Microsoft recopila y utiliza sus datos, puede visitar la Declaraci\u00f3n de privacidad de Microsoft.<\/p><p><strong>Formas de otorgar, denegar o revocar el consentimiento para el uso de cookies<\/strong><\/p><p>Usted puede otorgar o denegar su consentimiento para la utilizaci\u00f3n de las cookies antes descritas a trav\u00e9s del panel de configuraci\u00f3n de cookies. Una vez otorgado su consentimiento a las cookies a trav\u00e9s del panel de configuraci\u00f3n de cookies, si posteriormente desea modificar sus preferencias podr\u00e1 hacerlo a trav\u00e9s de la herramienta de gesti\u00f3n de preferencias. Asimismo, le informamos de que puede bloquear, deshabilitar o eliminar las cookies en cualquier momento modificando la configuraci\u00f3n de su navegador. Para m\u00e1s informaci\u00f3n, le recomendamos que consulte la ayuda de su navegador acerca de c\u00f3mo gestionar las cookies.<\/p><p>A continuaci\u00f3n, le facilitamos los enlaces a la informaci\u00f3n sobre c\u00f3mo gestionar el uso de cookies de los navegadores m\u00e1s com\u00fanmente utilizados:<\/p><p><strong>Internet Explorer:<\/strong>\u00a0https:\/\/support.microsoft.com\/es-es\/help\/17442\/windows-internetexplorer-delete-manage-cookies<\/p><p><strong>Microsoft Edge:<\/strong>\u00a0https:\/\/support.microsoft.com\/es-es\/help\/4027947\/microsoft-edgedelete-cookies<\/p><p><strong>Firefox:<\/strong>\u00a0https:\/\/support.mozilla.org\/es\/products\/firefox\/protect-your-privacy\/cookies<\/p><p><strong>Google Chrome:<\/strong>\u00a0https:\/\/support.google.com\/chrome\/answer\/95647?hl=es<\/p><p><strong>Safari:<\/strong>\u00a0https:\/\/support.apple.com\/es-es\/guide\/safari\/sfri11471\/mac<\/p><p><strong>Opera:<\/strong>\u00a0http:\/\/help.opera.com\/Windows\/11.50\/es-ES\/cookies.html<\/p><p>Le informamos que la configuraci\u00f3n de su navegador para rechazar las cookies no le impedir\u00e1 navegar por el Portal con el \u00fanico inconveniente de no poder disfrutar de las funcionalidades del mismo que requieran la instalaci\u00f3n de alguna de ellas, en concreto, las funcionalidades indicadas en las Cookies de Sesi\u00f3n. En cualquier caso, el Usuario podr\u00e1 eliminar las cookies implantadas en su dispositivo en cualquier momento, siguiendo el procedimiento establecido en \u201cC\u00f3mo administrar las cookies en los ordenadores\u201d.<\/p><p><strong>M\u00e1s informaci\u00f3n sobre protecci\u00f3n de datos de car\u00e1cter personal<\/strong><\/p><p>Le recomendamos que consulte nuestra Pol\u00edtica de Privacidad si desea obtener m\u00e1s informaci\u00f3n acerca del tratamiento de datos personales que realizamos, as\u00ed como la forma de ejercer sus derechos y reclamaciones ante el Delegado de Protecci\u00f3n de Datos de CAMPBEERFEST.COM.<\/p><p><strong>Cambios en esta pol\u00edtica de cookies<\/strong><\/p><p>Es posible que actualicemos la Pol\u00edtica de Cookies de nuestro Sitio Web. Por ello, le recomendamos revisar peri\u00f3dicamente esta pol\u00edtica con el objeto de estar convenientemente informado sobre el uso que hacemos de las cookies.<\/p>\t\t\t\t\t\t\t\t<\/div>\n\t\t\t\t<\/div>\n\t\t\t\t\t<\/div>\n\t\t\t\t<\/div>\n\t\t\t\t<\/div>\n\t\t","protected":false},"excerpt":{"rendered":"<p>Recuerde leer adicionalmente el\u00a0Aviso Legal\u00a0y la\u00a0Pol\u00edtica de Privacidad Uso de cookies El sitio web CAMPBEERFEST.COM (en adelante, el \u201cSitio Web\u201d) utiliza una tecnolog\u00eda denominada \u201ccookies\u201d que permite recabar informaci\u00f3n acerca del uso que usted hace del mismo. Esta Pol\u00edtica de Cookies tiene por objeto informarle de manera clara y precisa sobre las cookies que se &hellip; <\/p>\n<p class=\"link-more\"><a href=\"https:\/\/campbeerfest.com\/index.php\/politica-de-cookies\/\" class=\"more-link\">Read more<span class=\"screen-reader-text\"> &#8220;Pol\u00edtica de Cookies&#8221;<\/span><\/a><\/p>\n","protected":false},"author":2,"featured_media":0,"parent":0,"menu_order":0,"comment_status":"closed","ping_status":"closed","template":"","meta":{"_themeisle_gutenberg_block_has_review":false,"footnotes":""},"class_list":["post-143","page","type-page","status-publish","hentry"],"_links":{"self":[{"href":"https:\/\/campbeerfest.com\/index.php\/wp-json\/wp\/v2\/pages\/143","targetHints":{"allow":["GET"]}}],"collection":[{"href":"https:\/\/campbeerfest.com\/index.php\/wp-json\/wp\/v2\/pages"}],"about":[{"href":"https:\/\/campbeerfest.com\/index.php\/wp-json\/wp\/v2\/types\/page"}],"author":[{"embeddable":true,"href":"https:\/\/campbeerfest.com\/index.php\/wp-json\/wp\/v2\/users\/2"}],"replies":[{"embeddable":true,"href":"https:\/\/campbeerfest.com\/index.php\/wp-json\/wp\/v2\/comments?post=143"}],"version-history":[{"count":4,"href":"https:\/\/campbeerfest.com\/index.php\/wp-json\/wp\/v2\/pages\/143\/revisions"}],"predecessor-version":[{"id":147,"href":"https:\/\/campbeerfest.com\/index.php\/wp-json\/wp\/v2\/pages\/143\/revisions\/147"}],"wp:attachment":[{"href":"https:\/\/campbeerfest.com\/index.php\/wp-json\/wp\/v2\/media?parent=143"}],"curies":[{"name":"wp","href":"https:\/\/api.w.org\/{rel}","templated":true}]}}