{"id":119,"date":"2025-06-07T01:17:32","date_gmt":"2025-06-07T01:17:32","guid":{"rendered":"http:\/\/campbeerfest.com\/?page_id=119"},"modified":"2025-06-11T16:04:26","modified_gmt":"2025-06-11T16:04:26","slug":"contacto-3","status":"publish","type":"page","link":"https:\/\/campbeerfest.com\/index.php\/contacto-3\/","title":{"rendered":"Contacto"},"content":{"rendered":"\t\t<div data-elementor-type=\"wp-page\" data-elementor-id=\"119\" class=\"elementor elementor-119\" data-elementor-post-type=\"page\">\n\t\t\t\t<div class=\"elementor-element elementor-element-bd89878 e-flex e-con-boxed e-con e-parent\" data-id=\"bd89878\" data-element_type=\"container\">\n\t\t\t\t\t<div class=\"e-con-inner\">\n\t\t<div class=\"elementor-element elementor-element-a65a989 e-con-full e-flex e-con e-child\" data-id=\"a65a989\" data-element_type=\"container\">\n\t\t<div class=\"elementor-element elementor-element-c0b9d49 e-con-full e-flex e-con e-child\" data-id=\"c0b9d49\" data-element_type=\"container\">\n\t\t<div class=\"elementor-element elementor-element-65e988a e-con-full e-flex e-con e-child\" data-id=\"65e988a\" data-element_type=\"container\">\n\t\t\t\t<div class=\"elementor-element elementor-element-006f272 elementor-widget__width-initial elementor-widget elementor-widget-text-editor\" data-id=\"006f272\" data-element_type=\"widget\" data-widget_type=\"text-editor.default\">\n\t\t\t\t<div class=\"elementor-widget-container\">\n\t\t\t\t\t\t\t\t\t<div class=\"wp-block-group\">\n<div class=\"wp-block-spacer\" style=\"height: 135px;\" aria-hidden=\"true\">\u00a0<\/div>\n<p><!-- \/wp:spacer --><\/p>\n<\/div>\n<p><!-- \/wp:group --><!-- wp:group {\"align\":\"full\",\"style\":{\"spacing\":{\"blockGap\":\"0\"}},\"layout\":{\"type\":\"constrained\"}} --><\/p>\n<div class=\"wp-block-group alignfull\">\n<p><!-- wp:columns {\"verticalAlignment\":\"center\",\"align\":\"full\",\"style\":{\"spacing\":{\"padding\":{\"top\":\"0\",\"right\":\"0\",\"bottom\":\"0\",\"left\":\"0\"},\"blockGap\":{\"top\":\"0\",\"left\":\"var:preset|spacing|x-small\"}}},\"backgroundColor\":\"light-background\"} --><\/p>\n<div class=\"wp-block-columns alignfull are-vertically-aligned-center\" style=\"padding: 0;\">\n<p><!-- wp:column {\"verticalAlignment\":\"center\",\"width\":\"50%\",\"className\":\"map-grayscale\",\"layout\":{\"type\":\"default\"}} --><\/p>\n<div class=\"wp-block-column is-vertically-aligned-center map-grayscale\" style=\"flex-basis: 50%;\">\n<p><!-- wp:image {\"id\":7500,\"sizeSlug\":\"large\",\"linkDestination\":\"none\"} --><\/p>\n<figure class=\"wp-block-image size-large\"><img decoding=\"async\" class=\"alignnone size-medium wp-image-68\" src=\"http:\/\/campbeerfest.com\/wp-content\/uploads\/2025\/06\/mapa-carmenes-300x143.png\" alt=\"\" width=\"300\" height=\"143\" srcset=\"https:\/\/campbeerfest.com\/wp-content\/uploads\/2025\/06\/mapa-carmenes-300x143.png 300w, https:\/\/campbeerfest.com\/wp-content\/uploads\/2025\/06\/mapa-carmenes.png 599w\" sizes=\"(max-width: 300px) 100vw, 300px\" \/><\/figure>\n<p><!-- \/wp:image --><\/p>\n<\/div>\n<p><!-- \/wp:column --><!-- wp:column {\"verticalAlignment\":\"center\",\"width\":\"50%\",\"style\":{\"spacing\":{\"padding\":{\"top\":\"var:preset|spacing|small\",\"bottom\":\"var:preset|spacing|small\",\"right\":\"var:preset|spacing|small\",\"left\":\"2%\"}}},\"layout\":{\"type\":\"default\"}} --><\/p>\n<div class=\"wp-block-column is-vertically-aligned-center\" style=\"flex-basis: 50%; padding: var(--wp--preset--spacing--small) var(--wp--preset--spacing--small) var(--wp--preset--spacing--small) 2%;\">\n<p><!-- wp:heading {\"level\":3,\"fontSize\":\"large\"} --><\/p>\n<h3 class=\"wp-block-heading has-large-font-size\">Campbeer Festival<\/h3>\n<p><!-- \/wp:heading --><!-- wp:paragraph --><\/p>\n<p><!-- \/wp:paragraph --><!-- wp:heading {\"level\":3} --><\/p>\n<h3 class=\"wp-block-heading\">Ubicaci\u00f3n<\/h3>\n<p><!-- \/wp:heading --><!-- wp:paragraph --><\/p>\n<p>Polideportivo de C\u00e1rmenes, Le\u00f3n<\/p>\n<p><!-- \/wp:paragraph --><!-- wp:heading {\"level\":3} --><\/p>\n<h3 class=\"wp-block-heading\"><strong>Email<\/strong><\/h3>\n<p><!-- \/wp:heading --><!-- wp:paragraph --><\/p>\n<p>info@campbeerfest.com<\/p>\n<p><!-- \/wp:paragraph --><!-- wp:heading {\"level\":3} --><\/p>\n<h3 class=\"wp-block-heading\"><strong>Whatsapp<\/strong><\/h3>\n<p><!-- \/wp:heading --><!-- wp:paragraph --><\/p>\n<p>689-164-936<\/p>\n<p><!-- \/wp:paragraph --><\/p>\n<\/div>\n<p><!-- \/wp:column --><\/p>\n<\/div>\n<p><!-- \/wp:columns --><\/p>\n<\/div>\n<p><!-- \/wp:group --><!-- wp:group {\"style\":{\"layout\":{\"type\":\"constrained\"}} --><\/p>\n<div class=\"wp-block-group\">\n<p><!-- wp:group {\"layout\":{\"type\":\"default\"}} --><\/p>\n<div class=\"wp-block-group\">\n<p><!-- wp:spacer {\"height\":\"69px\"} --><\/p>\n<div class=\"wp-block-spacer\" style=\"height: 69px;\" aria-hidden=\"true\">\u00a0<\/div>\n<p><!-- \/wp:spacer --><!-- wp:columns --><\/p>\n<div class=\"wp-block-columns\">\n<p><!-- wp:column --><\/p>\n<div class=\"wp-block-column\">\n<p><!-- wp:paragraph {\"align\":\"left\",\"style\":{\"color\":{\"text\":\"#0bb4aa\"}}} --><\/p>\n<p class=\"has-text-align-left has-text-color\" style=\"color: #0bb4aa;\">D\u00d3NDE ESTAMOS LOCALIZADOS<\/p>\n<p><!-- \/wp:paragraph --><!-- wp:heading {\"textAlign\":\"left\",\"fontSize\":\"large\"} --><\/p>\n<h2 class=\"wp-block-heading has-text-align-left has-large-font-size\">Pr\u00f3ximas Ediciones<\/h2>\n<p><!-- \/wp:heading --><!-- wp:columns --><\/p>\n<div class=\"wp-block-columns\">\n<p><!-- wp:column --><\/p>\n<div class=\"wp-block-column\">\n<p><!-- wp:paragraph {\"style\":{\"typography\":{\"lineHeight\":\"2.5\"}}} --><\/p>\n<p style=\"line-height: 2.5;\">Pr\u00f3ximamente<\/p>\n<\/div>\n<div class=\"wp-block-column\">\n<p><!-- \/wp:paragraph --><\/p>\n<\/div>\n<p><!-- \/wp:column --><\/p>\n<\/div>\n<p><!-- \/wp:columns --><\/p>\n<\/div>\n<p><!-- \/wp:column --><!-- wp:column --><\/p>\n<div class=\"wp-block-column\">\n<p><!-- wp:image {\"id\":5640,\"sizeSlug\":\"large\",\"linkDestination\":\"none\"} --><\/p>\n<figure class=\"wp-block-image size-large\"><img decoding=\"async\" class=\"wp-image-5640\" src=\"http:\/\/campbeerfest.com\/wp-content\/themes\/inspiro\/assets\/images\/map.png\" alt=\"\" \/><\/figure>\n<p><!-- \/wp:image --><\/p>\n<\/div>\n<p><!-- \/wp:column --><\/p>\n<\/div>\n<p><!-- \/wp:columns --><!-- wp:spacer {\"height\":\"52px\"} --><\/p>\n<div class=\"wp-block-spacer\" style=\"height: 52px;\" aria-hidden=\"true\">\u00a0<\/div>\n<p><!-- \/wp:spacer --><\/p>\n<\/div>\n<p><!-- \/wp:group --><\/p>\n<\/div>\n<p><!-- \/wp:group --><!-- wp:group {\"layout\":{\"type\":\"constrained\"}} --><\/p>\n<div class=\"wp-block-group\">\n<p><!-- wp:spacer {\"height\":\"33px\"} --><\/p>\n<div class=\"wp-block-spacer\" style=\"height: 33px;\" aria-hidden=\"true\">\u00a0<\/div>\n<p><!-- \/wp:spacer --><!-- wp:columns {\"verticalAlignment\":\"center\",\"style\":{\"spacing\":{\"padding\":{\"top\":\"var:preset|spacing|60\",\"left\":\"0\",\"bottom\":\"var:preset|spacing|60\"}}}} --><\/p>\n<div class=\"wp-block-columns are-vertically-aligned-center\" style=\"padding-top: var(--wp--preset--spacing--60); padding-bottom: var(--wp--preset--spacing--60); padding-left: 0;\">\n<p><!-- wp:column {\"verticalAlignment\":\"center\",\"width\":\"66.66%\",\"layout\":{\"type\":\"constrained\",\"justifyContent\":\"left\"}} --><\/p>\n<div class=\"wp-block-column is-vertically-aligned-center\" style=\"flex-basis: 66.66%;\">\n<p><!-- wp:heading --><\/p>\n<h2 class=\"wp-block-heading\">Te gustar\u00eda colaborar como voluntario?<\/h2>\n<p><!-- \/wp:heading --><!-- wp:paragraph --><\/p>\n<p>Si tienes empat\u00eda y ganas de superaci\u00f3n personal, puedes colaborar con el festival<\/p>\n<p><!-- \/wp:paragraph --><\/p>\n<\/div>\n<p><!-- \/wp:column --><!-- wp:column {\"verticalAlignment\":\"center\",\"width\":\"33.33%\"} --><\/p>\n<div class=\"wp-block-column is-vertically-aligned-center\" style=\"flex-basis: 33.33%;\">\n<p><!-- wp:buttons {\"layout\":{\"type\":\"flex\",\"justifyContent\":\"right\"}} --><\/p>\n<div class=\"wp-block-buttons\">\n<p><!-- wp:button {\"style\":{\"border\":{\"radius\":\"0px\"},\"typography\":{\"textTransform\":\"uppercase\",\"fontStyle\":\"normal\",\"fontWeight\":\"600\",\"fontSize\":\"14px\",\"letterSpacing\":\"1px\"}},\"className\":\"is-style-fill\"} --><\/p>\n<div class=\"wp-block-button has-custom-font-size is-style-fill\" style=\"font-size: 14px; font-style: normal; font-weight: 600; letter-spacing: 1px; text-transform: uppercase;\"><a class=\"wp-block-button__link wp-element-button\" style=\"border-radius: 0px;\">View Job Openings<\/a><\/div>\n<p><!-- \/wp:button --><\/p>\n<\/div>\n<p><!-- \/wp:buttons --><\/p>\n<\/div>\n<p><!-- \/wp:column --><\/p>\n<\/div>\n<p><!-- \/wp:columns --><!-- wp:spacer {\"height\":\"45px\"} --><\/p>\n<div class=\"wp-block-spacer\" style=\"height: 45px;\" aria-hidden=\"true\">\u00a0<\/div>\n<p><!-- \/wp:spacer --><\/p>\n<\/div>\n<p><!-- \/wp:group --><\/p>\t\t\t\t\t\t\t\t<\/div>\n\t\t\t\t<\/div>\n\t\t\t\t<\/div>\n\t\t\t\t<\/div>\n\t\t\t\t<\/div>\n\t\t\t\t<div class=\"elementor-element elementor-element-c561ede elementor-widget__width-initial elementor-button-align-stretch elementor-widget elementor-widget-form\" data-id=\"c561ede\" data-element_type=\"widget\" data-settings=\"{&quot;step_next_label&quot;:&quot;Next&quot;,&quot;step_previous_label&quot;:&quot;Previous&quot;,&quot;button_width&quot;:&quot;100&quot;,&quot;step_type&quot;:&quot;number_text&quot;,&quot;step_icon_shape&quot;:&quot;circle&quot;}\" data-widget_type=\"form.default\">\n\t\t\t\t<div class=\"elementor-widget-container\">\n\t\t\t\t\t\t\t<form class=\"elementor-form\" method=\"post\" name=\"New Form\">\n\t\t\t<input type=\"hidden\" name=\"post_id\" value=\"119\"\/>\n\t\t\t<input type=\"hidden\" name=\"form_id\" value=\"c561ede\"\/>\n\t\t\t<input type=\"hidden\" name=\"referer_title\" value=\"Contacto\" \/>\n\n\t\t\t\t\t\t\t<input type=\"hidden\" name=\"queried_id\" value=\"119\"\/>\n\t\t\t\n\t\t\t<div class=\"elementor-form-fields-wrapper elementor-labels-above\">\n\t\t\t\t\t\t\t\t<div class=\"elementor-field-type-text elementor-field-group elementor-column elementor-field-group-name elementor-col-100\">\n\t\t\t\t\t\t\t\t\t\t\t\t<label for=\"form-field-name\" class=\"elementor-field-label\">\n\t\t\t\t\t\t\t\tNombre y apellidos\t\t\t\t\t\t\t<\/label>\n\t\t\t\t\t\t\t\t\t\t\t\t\t\t<input size=\"1\" type=\"text\" name=\"form_fields[name]\" id=\"form-field-name\" class=\"elementor-field elementor-size-sm  elementor-field-textual\" placeholder=\"Escribe aqu\u00ed tu nombre\">\n\t\t\t\t\t\t\t\t\t\t\t<\/div>\n\t\t\t\t\t\t\t\t<div class=\"elementor-field-type-email elementor-field-group elementor-column elementor-field-group-email elementor-col-100 elementor-field-required\">\n\t\t\t\t\t\t\t\t\t\t\t\t<label for=\"form-field-email\" class=\"elementor-field-label\">\n\t\t\t\t\t\t\t\tEmail\t\t\t\t\t\t\t<\/label>\n\t\t\t\t\t\t\t\t\t\t\t\t\t\t<input size=\"1\" type=\"email\" name=\"form_fields[email]\" id=\"form-field-email\" class=\"elementor-field elementor-size-sm  elementor-field-textual\" placeholder=\"Escribe aqu\u00ed tu email\" required=\"required\">\n\t\t\t\t\t\t\t\t\t\t\t<\/div>\n\t\t\t\t\t\t\t\t<div class=\"elementor-field-type-textarea elementor-field-group elementor-column elementor-field-group-message elementor-col-100\">\n\t\t\t\t\t\t\t\t\t\t\t\t<label for=\"form-field-message\" class=\"elementor-field-label\">\n\t\t\t\t\t\t\t\tMensaje\t\t\t\t\t\t\t<\/label>\n\t\t\t\t\t\t<textarea class=\"elementor-field-textual elementor-field  elementor-size-sm\" name=\"form_fields[message]\" id=\"form-field-message\" rows=\"4\" placeholder=\"Escribe aqu\u00ed tu mensaje\"><\/textarea>\t\t\t\t<\/div>\n\t\t\t\t\t\t\t\t<div class=\"elementor-field-group elementor-column elementor-field-type-submit elementor-col-100 e-form__buttons\">\n\t\t\t\t\t<button class=\"elementor-button elementor-size-sm\" type=\"submit\">\n\t\t\t\t\t\t<span class=\"elementor-button-content-wrapper\">\n\t\t\t\t\t\t\t\t\t\t\t\t\t\t\t\t\t\t\t\t\t\t<span class=\"elementor-button-text\">Enviar la consulta<\/span>\n\t\t\t\t\t\t\t\t\t\t\t\t\t<\/span>\n\t\t\t\t\t<\/button>\n\t\t\t\t<\/div>\n\t\t\t<\/div>\n\t\t<\/form>\n\t\t\t\t\t\t<\/div>\n\t\t\t\t<\/div>\n\t\t<div class=\"elementor-element elementor-element-ba36514 e-con-full e-flex e-con e-child\" data-id=\"ba36514\" data-element_type=\"container\">\n\t\t\t\t<\/div>\n\t\t\t\t\t<\/div>\n\t\t\t\t<\/div>\n\t\t\t\t<\/div>\n\t\t","protected":false},"excerpt":{"rendered":"<p>\u00a0 Campbeer Festival Ubicaci\u00f3n Polideportivo de C\u00e1rmenes, Le\u00f3n Email info@campbeerfest.com Whatsapp 689-164-936 \u00a0 D\u00d3NDE ESTAMOS LOCALIZADOS Pr\u00f3ximas Ediciones Pr\u00f3ximamente \u00a0 \u00a0 Te gustar\u00eda colaborar como voluntario? Si tienes empat\u00eda y ganas de superaci\u00f3n personal, puedes colaborar con el festival View Job Openings \u00a0<\/p>\n","protected":false},"author":2,"featured_media":0,"parent":0,"menu_order":0,"comment_status":"closed","ping_status":"closed","template":"","meta":{"_themeisle_gutenberg_block_has_review":false,"footnotes":""},"class_list":["post-119","page","type-page","status-publish","hentry"],"_links":{"self":[{"href":"https:\/\/campbeerfest.com\/index.php\/wp-json\/wp\/v2\/pages\/119","targetHints":{"allow":["GET"]}}],"collection":[{"href":"https:\/\/campbeerfest.com\/index.php\/wp-json\/wp\/v2\/pages"}],"about":[{"href":"https:\/\/campbeerfest.com\/index.php\/wp-json\/wp\/v2\/types\/page"}],"author":[{"embeddable":true,"href":"https:\/\/campbeerfest.com\/index.php\/wp-json\/wp\/v2\/users\/2"}],"replies":[{"embeddable":true,"href":"https:\/\/campbeerfest.com\/index.php\/wp-json\/wp\/v2\/comments?post=119"}],"version-history":[{"count":10,"href":"https:\/\/campbeerfest.com\/index.php\/wp-json\/wp\/v2\/pages\/119\/revisions"}],"predecessor-version":[{"id":203,"href":"https:\/\/campbeerfest.com\/index.php\/wp-json\/wp\/v2\/pages\/119\/revisions\/203"}],"wp:attachment":[{"href":"https:\/\/campbeerfest.com\/index.php\/wp-json\/wp\/v2\/media?parent=119"}],"curies":[{"name":"wp","href":"https:\/\/api.w.org\/{rel}","templated":true}]}}